{"id":28,"date":"2024-04-04T04:37:52","date_gmt":"2024-04-04T02:37:52","guid":{"rendered":"https:\/\/www.fortbau.hu\/nyilaszaro\/?page_id=28"},"modified":"2024-05-18T09:47:52","modified_gmt":"2024-05-18T07:47:52","slug":"kapcsolat","status":"publish","type":"page","link":"https:\/\/www.fortbau.hu\/nyilaszaro\/kapcsolat\/","title":{"rendered":"Kapcsolat"},"content":{"rendered":"\n<div class=\"wp-block-group contact-page\"><div class=\"wp-block-group__inner-container is-layout-constrained wp-block-group-is-layout-constrained\">\n<h1 class=\"wp-block-heading\">Kapcsolat<\/h1>\n\n\n\n<div style=\"height:2rem\" aria-hidden=\"true\" class=\"wp-block-spacer\"><\/div>\n\n\n\n<div class=\"wp-block-group contact-info\"><div class=\"wp-block-group__inner-container is-layout-constrained wp-block-group-is-layout-constrained\">\n<div class=\"wp-block-columns contact-box is-layout-flex wp-container-core-columns-is-layout-9d6595d7 wp-block-columns-is-layout-flex\">\n<div class=\"wp-block-column is-layout-flow wp-block-column-is-layout-flow\" style=\"flex-basis:40%\">\n<p class=\"has-medium-font-size\"><strong>TELEFON<\/strong><\/p>\n\n\n\n<figure class=\"wp-block-table is-style-stripes contact-tel\"><table><tbody><tr><td><strong style=\"color: #2E2E2E\">Ingyenes felm\u00e9r\u00e9s: <\/strong><\/td><td><a href=\"tel:+36303396124\">+36 30 339 6124<\/a><\/td><\/tr><tr><td>M\u0171anyag ny\u00edl\u00e1sz\u00e1r\u00f3 iroda:<\/td><td><a href=\"tel:+36304734002\">+36 30 473 4002<\/a><\/td><\/tr><tr><td>Recepci\u00f3:<\/td><td><a href=\"tel:+3632512700\">+36 32 512 700<\/a><\/td><\/tr><\/tbody><\/table><\/figure>\n<\/div>\n\n\n\n<div class=\"wp-block-column is-layout-flow wp-block-column-is-layout-flow\" style=\"flex-basis:60%\">\n<p class=\"has-medium-font-size\"><strong>E-MAIL<\/strong><\/p>\n\n\n\n<figure class=\"wp-block-table is-style-stripes contact-email\"><table><tbody><tr><td>M\u0171anyag ny\u00edl\u00e1sz\u00e1r\u00f3 iroda:<\/td><td><a href=\"mailto:nyilaszaro@fortbau.hu\">nyilaszaro@fortbau.hu<\/a><\/td><\/tr><tr><td>K\u00f6zponti levelez\u00e9s:<\/td><td><a href=\"mailto:fortbau@toldinet.hu\">fortbau@toldinet.hu<\/a> <a href=\"mailto:fortbau@fortbau.hu\">fortbau@fortbau.hu<\/a><\/td><\/tr><\/tbody><\/table><\/figure>\n<\/div>\n<\/div>\n\n\n\n<script src=\"https:\/\/r3.minicrm.hu\/api\/loader.js?71735-1nhbcmnb6i0ukiiba77n083qyits8v\"><\/script>\n\n\n\n<div style=\"height:2rem\" aria-hidden=\"true\" class=\"wp-block-spacer\"><\/div>\n\n\n\n<div class=\"wp-block-group contact-maps\"><div class=\"wp-block-group__inner-container is-layout-constrained wp-block-group-is-layout-constrained\">\n<iframe src=\"https:\/\/www.google.com\/maps\/embed?pb=!1m18!1m12!1m3!1d2663.5567974458836!2d19.808003186092456!3d48.118784778329655!2m3!1f0!2f0!3f0!3m2!1i1024!2i768!4f13.1!3m3!1m2!1s0x474012aeb9e994db%3A0x1d6c5b7decd01511!2zU2FsZ8OzdGFyasOhbiwgUnVoYWd5w6FyaSDDunQgMzIsIDMxMDA!5e0!3m2!1shu!2shu!4v1712844395701!5m2!1shu!2shu\" width=\"100%\" height=\"450\" style=\"border:0;\" allowfullscreen=\"\" loading=\"lazy\" referrerpolicy=\"no-referrer-when-downgrade\"><\/iframe>\n<\/div><\/div>\n<\/div><\/div>\n<\/div><\/div>\n","protected":false},"excerpt":{"rendered":"<p>Kapcsolat TELEFON Ingyenes felm\u00e9r\u00e9s: +36 30 339 6124 M\u0171anyag ny\u00edl\u00e1sz\u00e1r\u00f3 iroda: +36 30 473 4002 Recepci\u00f3: +36 32 &#8230;<\/p>\n","protected":false},"author":1,"featured_media":0,"parent":0,"menu_order":0,"comment_status":"closed","ping_status":"closed","template":"","meta":{"inline_featured_image":false,"footnotes":""},"class_list":["post-28","page","type-page","status-publish","hentry"],"_links":{"self":[{"href":"https:\/\/www.fortbau.hu\/nyilaszaro\/wp-json\/wp\/v2\/pages\/28","targetHints":{"allow":["GET"]}}],"collection":[{"href":"https:\/\/www.fortbau.hu\/nyilaszaro\/wp-json\/wp\/v2\/pages"}],"about":[{"href":"https:\/\/www.fortbau.hu\/nyilaszaro\/wp-json\/wp\/v2\/types\/page"}],"author":[{"embeddable":true,"href":"https:\/\/www.fortbau.hu\/nyilaszaro\/wp-json\/wp\/v2\/users\/1"}],"replies":[{"embeddable":true,"href":"https:\/\/www.fortbau.hu\/nyilaszaro\/wp-json\/wp\/v2\/comments?post=28"}],"version-history":[{"count":64,"href":"https:\/\/www.fortbau.hu\/nyilaszaro\/wp-json\/wp\/v2\/pages\/28\/revisions"}],"predecessor-version":[{"id":940,"href":"https:\/\/www.fortbau.hu\/nyilaszaro\/wp-json\/wp\/v2\/pages\/28\/revisions\/940"}],"wp:attachment":[{"href":"https:\/\/www.fortbau.hu\/nyilaszaro\/wp-json\/wp\/v2\/media?parent=28"}],"curies":[{"name":"wp","href":"https:\/\/api.w.org\/{rel}","templated":true}]}}